/(1/(-5)). What is the greatest common factor of z and b?
6
Let g = 316 + -118. What is the highest common factor of g and 18?
18
Let w = 14 + -11. Suppose -t = -w*u - 12, 2*u + 0*u - 128 = -5*t. What is the highest common divisor of t and 8?
8
Let i = 96 + -54. What is the highest common factor of i and 21?
21
Suppose 5*p + 36 = 116. What is the greatest common divisor of p and 4?
4
Let n(i) = -221*i + 3. Let v be n(-1). What is the greatest common divisor of 56 and v?
56
Suppose -5*m = 3*k + 3 + 9, -m + 12 = -3*k. Suppose 0 = -5*c, 3*u + 0*u - 3*c = 33. Let h = u - m. What is the greatest common factor of 44 and h?
11
Let x(k) = 3*k**2 + 4*k + 5. Let n be x(-3). Calculate the greatest common factor of n and 40.
20
Let u be 2 + -5 - -2 - -9. Let p be (-74)/(-6) + (-2)/6. Calculate the highest common divisor of p and u.
4
Let h(m) = -m**2 + 12*m + 9. Let b be h(9). Calculate the highest common divisor of b and 90.
18
Suppose -159 = -3*m - 2*r - 2*r, -2*r = -m + 43. What is the highest common factor of 7 and m?
7
Let o be (-2 + -1)/(3/10). Let w = o + 52. Calculate the highest common factor of w and 63.
21
Suppose 7*a - 38 = 4*a - 5*d, -10 = -3*a + 2*d. What is the greatest common factor of a and 27?
3
Let q be 2/5 - 474/(-15). Let s be (8*-1)/((-1)/2). What is the highest common factor of s and q?
16
Suppose -d - 350 = -4*d - 4*c, -10 = -2*c. Calculate the greatest common factor of d and 22.
22
Let s(o) = 10*o**3 - o + 1. Suppose -c - x + 0*x = 2, 3*c + x = 0. Let y be s(c). What is the highest common factor of y and 60?
10
Suppose 4*o - b = 339, 2*b = 2*o - 2*b - 166. Calculate the highest common divisor of 34 and o.
17
Let y(u) = 6*u - 10. Let c be y(3). Calculate the greatest common factor of 20 and c.
4
Let n(z) = z**3 + 2*z**2 - 3*z. Let t be n(3). Calculate the highest common factor of 9 and t.
9
Let p be ((-8)/6)/((-52)/390). Let a be (-2)/(-3) - 13/(-3). What is the highest common factor of p and a?
5
Let t(a) = -a. Let b = -1 - 0. Let j be t(b). Calculate the greatest common factor of j and 8.
1
Let b be 16/6*2*(-12)/(-8). What is the greatest common factor of 64 and b?
8
Suppose 3 + 132 = 3*b. Calculate the highest common factor of 10 and b.
5
Suppose 6*g - 282 = 840. What is the highest common divisor of g and 17?
17
Let b = 1 + 1. Let o be (-2)/(-4) - (-319)/b. Suppose 3*n + 4*h + 13 = 69, -2*n + 2*h + 42 = 0. Calculate the highest common factor of n and o.
20
Let j be 46/6 + (-8)/12. What is the highest common divisor of j and 28?
7
Suppose -5*h + 120 = 5*i, 3*h + 66 = 4*i + h. What is the greatest common factor of i and 57?
19
Let q be (-2)/(8/(-50))*2. Suppose -2*w + q = 3*w. Calculate the highest common factor of w and 20.
5
Let b be (12/9)/(2/54). Suppose 5*s = 2*s + b. Suppose r = s + 2. What is the greatest common factor of 14 and r?
14
Let k(v) = -v**3 - 3*v**2 + 11*v + 3. Let j be k(-6). Calculate the highest common divisor of 15 and j.
15
Let l be 1/(-2)*-17*10. Calculate the highest common factor of l and 17.
17
Suppose -32 = -36*v + 32*v. What is the greatest common divisor of v and 64?
8
Let s = -15 + 45. What is the greatest common factor of 15 and s?
15
Let p be (3/(-3) + -6)/(-1). Calculate the greatest common divisor of 70 and p.
7
Suppose 0 = 6*h - 5*h - 2. Let o = 1 + h. Suppose -4*l = -2*k - 0*k - 82, 44 = o*l - 5*k. What is the highest common factor of l and 161?
23
Suppose -3*w + 3 = 0, 2 + 0 = u - w. Suppose 4*f - 56 = -4*k, -u*k + 48 + 5 = 4*f. Suppose -4*q = -9*q + 5. Calculate the greatest common factor of f and q.
1
Suppose 3*k - 264 = -0*k. Calculate the highest common divisor of 8 and k.
8
Suppose -44*u = -43*u - 98. Calculate the highest common divisor of u and 28.
14
Let n = 143 + -216. Let t = n + 19. Let f = 6 - t. What is the greatest common divisor of 24 and f?
12
Let w = -44 - -80. Let q(l) be the first derivative of 14*l**3/3 - l**2/2 - 3. Let u be q(2). Calculate the greatest common factor of u and w.
18
Suppose 3*k + 3*t - 8 = 1, -k + t + 9 = 0. Suppose 34 = m - 185. Suppose -5*i = -111 - m. What is the greatest common factor of i and k?
6
Suppose 0 = -o - 3*o + 4. Suppose -5*n + 27 = -3. Suppose 2*c - n*v - 22 = -2*v, 2*c - v - 19 = 0. What is the greatest common factor of o and c?
1
Let y be 5 + 2*(0 + -1). Suppose -c - f + 7 = 4*c, 0 = 2*f + 6. What is the greatest common factor of y and c?
1
Let p be 1 - (-70 + 1 + 0). What is the greatest common factor of 10 and p?
10
Let d be (-4)/16 + (-903)/(-12). Let v = -27 + 54. Let r = d - v. Calculate the highest common factor of r and 6.
6
Suppose 6*w - 81 = 2*w + p, -3*w + 72 = -3*p. Calculate the greatest common divisor of 171 and w.
19
Suppose 8 = j - 3*u - 5, -2*j = -2*u - 14. Calculate the highest common factor of j and 8.
4
Let t be 0 - (-175 + -1) - 2. Suppose 3*a + 179 = 2*g, 2*g + 4*a = -2 + t. What is the greatest common factor of 22 and g?
22
Suppose 2*l + 4*q = 310, 0 = -l - 4*q + 90 + 73. Suppose 4*o - 47 = -3*y, -5*y + 4*o + 117 = o. Calculate the greatest common divisor of y and l.
21
Let o = -12 - -20. Let d = 23 - 7. Calculate the highest common factor of d and o.
8
Let i(y) = -y**2 + 6*y - 2. Let c(f) = -2*f + 1. Let v be c(-4). Suppose 7 = 4*l - v. Let n be i(l). What is the highest common factor of n and 12?
6
Suppose x + 4*x + 10 = 0. Let j = 50 + -35. Let i = x + j. Calculate the greatest common divisor of 26 and i.
13
Suppose -7*b + 30 = -6*b + 5*f, 177 = 5*b - 2*f. What is the highest common factor of 7 and b?
7
Let y = 23 - -1. Let l be ((-27)/6)/((-9)/y). Suppose -j = 5*o - 36, 2*o - l = 2*j - 0*j. What is the highest common divisor of o and 70?
7
Suppose 2*k - 9 = 21. Let q be 5439/33 + 2/11. Calculate the highest common factor of k and q.
15
Suppose -5*p + 1581 = 2*g, 2*g = p - g - 306. What is the highest common factor of p and 35?
35
Suppose -177 - 44 = -13*y. Calculate the greatest common divisor of y and 51.
17
Suppose b = 10*b - 72. Calculate the greatest common factor of b and 32.
8
Let c = 74 - 20. Suppose -5*s + 10 = -5. Suppose -s*z = -0*z - 108. Calculate the greatest common factor of c and z.
18
Let c = 1 + 3. Suppose 5*a - w - 101 = 0, -3*a + c*w + 84 = a. Suppose 3*y = -0*y + 24. What is the greatest common divisor of a and y?
4
Let o(x) = x**2 - 4*x - 2. Let q be o(3). Let t = q + 8. Suppose 0 = -l - 4*w, t*w - w = -2. Calculate the greatest common factor of l and 10.
2
Let w = 371 + -199. What is the greatest common divisor of w and 43?
43
Suppose 18 = -9*u + 11*u. What is the highest common factor of 1 and u?
1
Let i be (-1 - 2/(-6))*-15. Let z = -44 - -94. What is the highest common divisor of z and i?
10
Suppose -2*d = -7*d. Suppose t = -d*t - 4. Let n be t/14 - (-132)/21. Calculate the greatest common divisor of n and 24.
6
Let n = 35 - 57. Let q = -70 - n. Let v be (10/(-8))/(4/q). What is the highest common factor of 105 and v?
15
Let n(a) = -6*a - 3. Let o be n(-17). What is the greatest common factor of o and 33?
33
Suppose -3*c - 2*x + 46 = -3*x, 0 = -3*c - 5*x + 58. Let m be (-3 - 45)*16/(-6). What is the greatest common divisor of m and c?
16
Let h be (-1 - -2)/((-3)/(-42)). Suppose d - h = 8. Suppose -5*y - 55 = -10*y. Calculate the highest common divisor of y and d.
11
Let c(a) = -a - 1. Let q(b) = 12*b**3 - b**2. Let t be q(-1). Let v be c(t). What is the greatest common factor of 8 and v?
4
Let n(d) = d**3 - 5*d + 3. Let c be n(3). Calculate the highest common factor of c and 10.
5
Suppose -d + 4*g = -5*d + 32, 2*d + g = 20. What is the highest common factor of 108 and d?
12
Let f(h) = 4*h**2 + 6*h - 20. Let y be f(3). What is the greatest common divisor of y and 51?
17
Let v(k) = -2*k**3. Let b be v(-1). Let w(u) = 4*u**2 - 3*u + 2. Let x be w(b). Let j = 66 - 6. Calculate the greatest common divisor of x and j.
12
Let q(b) = b**2 + 11*b + 28. Let y be q(-8). Calculate the greatest common divisor of 36 and y.
4
Suppose 50 = d + 6*t - 2*t, 3*d + 4*t = 134. Calculate the greatest common divisor of 462 and d.
42
Let o be 2/(-9) + 60/27. Let x be 1*((o - 1) + 9). What is the greatest common factor of 15 and x?
5
Suppose 5*y - 47 = -12. Suppose 0 = -2*k - 2*k. Let n be (k - 2/(-2)) + 34. What is the greatest common factor of y and n?
7
Let p(x) = 138*x + 2. Let q be p(2). Let d = -161 + q